b
In base 14, what is 21 - -2?
23
In base 13, what is 46 + -5?
41
In base 5, what is -4 - -23004?
23000
In base 3, what is -100 - -1?
-22
In base 10, what is 1 + 36?
37
In base 13, what is 4 - 10?
-9
In base 13, what is -2 - 2285?
-2287
In base 2, what is -10111110000001 + -11?
-10111110000100
In base 15, what is -1ad + 4?
-1a9
In base 13, what is 1b8a - 1?
1b89
In base 2, what is -100 - 1111001101?
-1111010001
In base 11, what is -3 - -64?
61
In base 8, what is -141 - 7?
-150
In base 15, what is 1575 - 5?
1570
In base 9, what is -3501 - 5?
-3506
In base 5, what is 1310 - -112?
1422
In base 9, what is 1088 - 23?
1065
In base 14, what is 4c46 - 1?
4c45
In base 2, what is -10010101101001 - 0?
-10010101101001
In base 14, what is 3 + 189?
18c
In base 12, what is 14 + -11?
3
In base 11, what is 2 + 4a2?
4a4
In base 11, what is -209a + 3?
-2097
In base 9, what is 416 - -5?
422
In base 16, what is -47 - 4?
-4b
In base 10, what is -6 - 17?
-23
In base 5, what is 20 + 34343?
34413
In base 10, what is 1 + -1171?
-1170
In base 9, what is 225 + 1?
226
In base 12, what is -41a2 + -1?
-41a3
In base 10, what is -130 - -22?
-108
In base 12, what is 32b6 - 5?
32b1
In base 6, what is 13445 - 3?
13442
In base 16, what is 3 - -84?
87
In base 5, what is 2 - -1021?
1023
In base 9, what is 2 + -812?
-810
In base 16, what is -3 - -4f?
4c
In base 9, what is -8 + 581?
572
In base 8, what is 41 - -14?
55
In base 12, what is 2a - -98?
106
In base 16, what is ad8 - 5?
ad3
In base 3, what is 12 + 212?
1001
In base 12, what is 4 + -55?
-51
In base 7, what is 5 - 154?
-146
In base 8, what is -172 + 4?
-166
In base 8, what is -3 + -4427?
-4432
In base 12, what is 123 - -3?
126
In base 8, what is -332 - 6?
-340
In base 3, what is 11 + 20222000?
20222011
In base 2, what is -1011010011 + -100?
-1011010111
In base 2, what is 10011001011111 + 101?
10011001100100
In base 16, what is -70 - 14?
-84
In base 14, what is 4d5 + 3?
4d8
In base 2, what is 1 + 11000010011?
11000010100
In base 12, what is 5 + -1098?
-1093
In base 3, what is -10 + 122222?
122212
In base 4, what is -23 - 1?
-30
In base 5, what is -10 + 4?
-1
In base 16, what is 45 + 5?
4a
In base 5, what is -10 + -2042?
-2102
In base 3, what is 11 - 100?
-12
In base 14, what is 5 - -25?
2a
In base 12, what is -557 - 4?
-55b
In base 13, what is -c + 21?
12
In base 12, what is -1 - -148?
147
In base 15, what is 1d - 6?
17
In base 16, what is -5 - -1c0?
1bb
In base 10, what is -47 + -3?
-50
In base 11, what is 199 - -2?
1a0
In base 13, what is 48 + -17?
31
In base 11, what is 76 - 5?
71
In base 16, what is 26 - -10?
36
In base 4, what is 2022 + 3?
2031
In base 4, what is -33311 - -3?
-33302
In base 13, what is -3644 + 4?
-3640
In base 3, what is 2101 + -102?
1222
In base 7, what is 0 - -1631?
1631
In base 15, what is 31 + 31?
62
In base 10, what is 5 - 743?
-738
In base 11, what is 2 - 14?
-12
In base 7, what is -103 - 0?
-103
In base 13, what is -5a + -5?
-62
In base 9, what is 2 + 503?
505
In base 6, what is 4 + 40?
44
In base 10, what is -110 - 5?
-115
In base 2, what is 101011011100 - -100?
101011100000
In base 12, what is 0 - -56a?
56a
In base 8, what is 13 - 103?
-70
In base 5, what is -10 + 32131?
32121
In base 7, what is 0 + -624?
-624
In base 9, what is -4 - 67?
-72
In base 3, what is -11220 - 2?
-11222
In base 15, what is -5 + 23?
1d
In base 10, what is -375 - -24?
-351
In base 12, what is 1693 - -4?
1697
In base 3, what is 120110 + -1?
120102
In base 5, what is -1440443 + -2?
-1441000
In base 6, what is -1100 + 2?
-1054
In base 13, what is 924 + 5?
929
In base 15, what is 5 - -1c6?
1cb
In base 7, what is -1 - -261?
260
In base 15, what is 19d + 5?
1a3
In base 9, what is 11 - -3?
14
In base 16, what is -2d + 81?
54
In base 10, what is -18325 + 1?
-18324
In base 9, what is -5 + -470?
-475
In base 2, what is -1000010111 - 0?
-1000010111
In base 5, what is -123 - 0?
-123
In base 3, what is -11 - -21100022?
21100011
In base 8, what is -1 - -2737?
2736
In base 13, what is -2 - -11?
c
In base 5, what is -22 + 13?
-4
In base 14, what is -5 + 17?
12
In base 7, what is 40 - 3?
34
In base 15, what is -6 - -1e?
18
In base 7, what is 32 - 41?
-6
In base 13, what is 4 + 202?
206
In base 11, what is 1a1 - -7?
1a8
In base 2, what is -1 + 10001001110?
10001001101
In base 6, what is -2232 + 3?
-2225
In base 10, what is 53 - -2?
55
In base 10, what is -80 - -1?
-79
In base 2, what is -10 - -1100000001?
1011111111
In base 4, what is 1 + -232?
-231
In base 14, what is 29 - -1c?
47
In base 4, what is 12 + -10232?
-10220
In base 7, what is 1501 - 5?
1463
In base 2, what is 100100101 + 101?
100101010
In base 9, what is -4 + -263?
-267
In base 3, what is 2212 - 2112?
100
In base 13, what is -57 + -2ba?
-344
In base 8, what is 53 - 5?
46
In base 2, what is -10110110 - -10?
-10110100
In base 14, what is 13d1 - -3?
13d4
In base 13, what is -8 + -3?
-b
In base 2, what is 10100 - -11111?
110011
In base 7, what is -1 + -323?
-324
In base 12, what is -37 - 6?
-41
In base 8, what is -14 - -1?
-13
In base 9, what is -22 + 8?
-13
In base 13, what is 4 - -53?
57
In base 16, what is 26e - -1?
26f
In base 9, what is 1307 + -2?
1305
In base 12, what is 1a233 + 2?
1a235
In base 10, what is -3 + 204?
201
In base 2, what is 10001000 + -101?
10000011
In base 3, what is -12 - -11121?
11102
In base 12, what is 1259 + 4?
1261
In base 13, what is 4 + -91?
-8a
In base 6, what is 2001 + 105?
2110
In base 7, what is -34 + -1442?
-1506
In base 9, what is -3312 + 3?
-3308
In base 2, what is -101111 + -1?
-110000
In base 15, what is 2 + -15?
-13
In base 6, what is -330052 + 5?
-330043
In base 8, what is -461 + 5?
-454
In base 4, what is -3303 + -13?
-3322
In base 6, what is 2 + 1130?
1132
In base 12, what is 3 + 40?
43
In base 4, what is 130 - -32103?
32233
In base 16, what is -34 + -233?
-267
In base 12, what is 4 - -5aa?
5b2
In base 8, what is 274 - -5?
301
In base 9, what is 23180 + -2?
23177
In base 10, what is -1173 + 2?
-1171
In base 5, what is 0 + -133?
-133
In base 4, what is -133 - 3?
-202
In base 15, what is -c6 + 4?
-c2
In base 13, what is 3 + 90?
93
In base 10, what is -2 + -429?
-431
In base 3, what is -2 + 112121?
112112
In base 8, what is 0 + -5374?
-5374
In base 3, what is -1 - 2200?
-2201
In base 3, what is -1001 - -121111?
120110
In base 2, what is -10 + -100011110?
-100100000
In base 3, what is 10222110 + -11?
10222022
In base 3, what is -12 - -21010?
20221
In base 7, what is 5 + -403?
-365
In base 13, what is -13 + 7?
-9
In base 7, what is -2316 + -1?
-2320
In base 2, what is -101100 - 101?
-110001
In base 8, what is 5 + 445?
452
In base 3, what is 1012010 - -12?
1012022
In base 7, what is -2 + 250?
245
In base 2, what is -1101001 - 10?
-1101011
In base 11, what is -7 - 272?
-279
In base 8, what is -6475 + -3?
-6500
In base 8, what is 0 - 433?
-433
In base 5, what is -40 + 23?
-12
In base 14, what is -368 - -8?
-360
In base 16, what is 23c + 0?
23c
In base 7, what is 4 + -155?
-151
In base 6, what is 24 + 0?
24
In base 12, what is -1 + -33?
-34
In base 6, what is 143 - -14?
201
In base 13, what is -c4b + 3?
-c48
In base 7, what is 3 + -1003?
-1000
In base 11, what is 19 + 121?
13a
In base 9, what is -2 + -52?
-54
In base 4, what is 11 - -2220?
2231
In base 2, what is -110110 + -1?
-110111
In base 7, what is 5 - 612?
-604
In base 5, what is -1424 + -10?
-1434
In base 8, what is 0 + 2027?
2027
In base 11, what is -204 - 5?
-209
In base 12, what is -1 - 37?
-38
In base 13, what is 14 + -17?
-3
In base 15, what is -4 + -1b?
-20
In base 2, what is -11010 - 101?
-11111
In base 12, what is -51 - -27?
-26
In base 3, what is 202 - -1011?
1220
In base 8, what is 42 - 11?
31
In base 8, what is -3 + -205?
-210
In base 10, what is 6308 + -2?
6306
In base 11, what is -233 + 5?
-229
In base 6, what is 2011 + 133?
2144
In base 15, what is -121 + 1b?
-105
In base 12, what is 5 + 57?
60
In base 7, what is 1020 - 3?
1014
In base 10, what is 73 + 1?
74
In base 8, what is -1062 - -5?
-1055
In base 12, what is -442 + -1?
-443
In base 15, what is 527 - 5?
522
In base 3, what is 112 - 10?
102
In base 3, what is -1200210 - -12?
-1200121
In base 16, what is 9 - 542?
-539
In base 10, what is -39 + 11?
-28
In base 16, what is -9 + -19?
-22
In base 8, what is 147 + -1?
146
I